is -104 - -12?
-42
In base 9, what is 3 - 262?
-258
In base 7, what is 146120 + 4?
146124
In base 11, what is 3 + -62?
-5a
In base 9, what is 33 + -8?
24
In base 3, what is -2202 - 20?
-2222
In base 9, what is -7031 + 0?
-7031
In base 7, what is 65 + -5?
60
In base 6, what is -1 - 205?
-210
In base 8, what is -35017 - 0?
-35017
In base 13, what is 350b - -1?
350c
In base 16, what is 7b + -4?
77
In base 4, what is 121 + -231?
-110
In base 6, what is 5 - -412?
421
In base 10, what is 2 + -94?
-92
In base 16, what is 0 + 3c?
3c
In base 4, what is -31 + -10?
-101
In base 8, what is -376 + -20?
-416
In base 11, what is -a + -193?
-1a2
In base 7, what is -3 - -1261?
1255
In base 3, what is 102 + -1111?
-1002
In base 13, what is 10 + -43?
-33
In base 8, what is -5 - -322?
315
In base 4, what is -120222 + -3?
-120231
In base 7, what is -3 + 113?
110
In base 8, what is -1 - -60?
57
In base 14, what is 4 - -56?
5a
In base 16, what is c8 + 1?
c9
In base 16, what is -8531 - 1?
-8532
In base 10, what is -2 - 40?
-42
In base 8, what is -1 + -4451?
-4452
In base 11, what is -5 - -19?
14
In base 2, what is -11011000 - -101?
-11010011
In base 9, what is -787 - -4?
-783
In base 2, what is 11 + 1001111?
1010010
In base 10, what is 2 + -50?
-48
In base 9, what is -22 + -26?
-48
In base 7, what is 2 - -4413?
4415
In base 14, what is 974 - 1?
973
In base 4, what is 13 - -313?
332
In base 9, what is 17 + -36?
-18
In base 11, what is 0 - 228?
-228
In base 4, what is -2 + -13302?
-13310
In base 16, what is -112 - 2?
-114
In base 11, what is 3 - 108a?
-1087
In base 12, what is -8 + 10?
4
In base 7, what is -113 - 232?
-345
In base 10, what is 3588 + 3?
3591
In base 6, what is 10 + -1420?
-1410
In base 9, what is 0 + 162?
162
In base 5, what is 33 - -13?
101
In base 3, what is -100 - -11002?
10202
In base 12, what is -1 - -167?
166
In base 16, what is -534 - -5?
-52f
In base 15, what is 13 + -119?
-106
In base 12, what is -12a - 6?
-134
In base 8, what is -5 + 242?
235
In base 13, what is -4 + 150?
149
In base 3, what is 101 + -10020?
-2212
In base 2, what is 1001 - 1000001?
-111000
In base 8, what is -67 + 25?
-42
In base 12, what is 982 + -9?
975
In base 5, what is 102210 + -4?
102201
In base 13, what is 29 + -1?
28
In base 11, what is -393 + 2?
-391
In base 9, what is -5 - -50?
44
In base 12, what is 10 - -269?
279
In base 6, what is -3 + 241?
234
In base 14, what is -45 - -1d?
-26
In base 4, what is -130 + 110?
-20
In base 7, what is -3022 + -14?
-3036
In base 9, what is 142 - 6?
135
In base 8, what is 3 - -220?
223
In base 16, what is 0 + -b1?
-b1
In base 15, what is 3 + 2d9?
2dc
In base 4, what is 120 - 3?
111
In base 13, what is -23 + -1c?
-42
In base 5, what is -3 - -3104?
3101
In base 6, what is -4 + 331?
323
In base 14, what is -4 - -138?
134
In base 4, what is 20 - 33303?
-33223
In base 15, what is -8 - -4?
-4
In base 12, what is 28 - -56?
82
In base 9, what is -4 - 601?
-605
In base 2, what is -10101111 - 0?
-10101111
In base 16, what is 0 + 10?
10
In base 13, what is -1 - 47?
-48
In base 8, what is -2 - -1602?
1600
In base 5, what is 2044 - 423?
1121
In base 10, what is -5 + -1490?
-1495
In base 9, what is -406 + -4?
-411
In base 11, what is 2 - 11?
-a
In base 9, what is -3 - 25?
-28
In base 5, what is -4 + -22?
-31
In base 12, what is -24939 - -4?
-24935
In base 16, what is 18 + 5?
1d
In base 2, what is -10 - 1110010?
-1110100
In base 15, what is 11 + -7d7?
-7c6
In base 3, what is 0 - -2211?
2211
In base 11, what is 23 - a?
14
In base 4, what is 3 + -210113?
-210110
In base 11, what is -7 - -2a6?
29a
In base 7, what is -15 + 0?
-15
In base 3, what is 12 - -101?
120
In base 6, what is 233 + 2?
235
In base 10, what is -108 - 47?
-155
In base 4, what is -2 + -113?
-121
In base 2, what is 1110 - 10000?
-10
In base 16, what is 211 + 4?
215
In base 15, what is 85 - -1?
86
In base 4, what is 11 + -123?
-112
In base 6, what is -1133 + -3?
-1140
In base 3, what is 101000 + 2000?
110000
In base 13, what is 710 + -3?
70a
In base 8, what is 16605 + 5?
16612
In base 9, what is -7 + 164?
156
In base 7, what is 204 + -242?
-35
In base 8, what is -35 + 3?
-32
In base 8, what is -67 - 2?
-71
In base 16, what is 32 - 7?
2b
In base 10, what is 62 + 285?
347
In base 9, what is -3464 + -2?
-3466
In base 12, what is 4561 - 0?
4561
In base 2, what is -110010 + 0?
-110010
In base 3, what is 10 + 121021?
121101
In base 10, what is 9 + 1499?
1508
In base 7, what is 156 - -6?
165
In base 8, what is -2 - 707?
-711
In base 5, what is 1244 + -24?
1220
In base 6, what is -4 - -51?
43
In base 8, what is -55 - 141?
-216
In base 8, what is -1750 + 20?
-1730
In base 4, what is 1033 + -12?
1021
In base 12, what is 0 + 421?
421
In base 3, what is -2 + -10?
-12
In base 16, what is -2f2 + -1?
-2f3
In base 3, what is 10 + 10201101?
10201111
In base 14, what is -7b + -3?
-80
In base 16, what is -55 + 3?
-52
In base 11, what is 105 + 4?
109
In base 10, what is 1 - -21?
22
In base 14, what is 2 - -32?
34
In base 16, what is 1e5 + 11?
1f6
In base 6, what is 2 - -2232?
2234
In base 10, what is 4 + 690?
694
In base 11, what is -48 - 0?
-48
In base 8, what is 35 - 5?
30
In base 5, what is -32030 + 4?
-32021
In base 6, what is -32 + 3?
-25
In base 6, what is -20 - -31?
11
In base 6, what is -222 + 330?
104
In base 6, what is -4 + 221?
213
In base 5, what is 0 + -223?
-223
In base 7, what is 5 + 11231?
11236
In base 7, what is 2 + -26?
-24
In base 3, what is -211220 - 2?
-211222
In base 6, what is -101 - 5?
-110
In base 15, what is 5 + 460?
465
In base 12, what is 178 - -5?
181
In base 3, what is 0 + -10201?
-10201
In base 10, what is -1 - -187?
186
In base 12, what is -1 - 4573?
-4574
In base 13, what is -2 - 1442?
-1444
In base 9, what is 42 - -38?
81
In base 16, what is -1be7 + -2?
-1be9
In base 4, what is 2 + -1231?
-1223
In base 9, what is 2226 - 1?
2225
In base 4, what is 11 + -1120?
-1103
In base 7, what is 1365 - 4?
1361
In base 12, what is b1b + 2?
b21
In base 2, what is -11100011 - -11?
-11100000
In base 4, what is 1 + -1001?
-1000
In base 13, what is 2 - -9?
b
In base 6, what is -5 + 101?
52
In base 2, what is 1 - 0?
1
In base 6, what is 4 + 1352?
1400
In base 13, what is -29 + -12?
-3b
In base 2, what is -111100 + 1011111?
100011
In base 6, what is 4 + -3554?
-3550
In base 5, what is 0 + 1424?
1424
In base 6, what is -123 - 1244?
-1411
In base 6, what is 25 + 132?
201
In base 15, what is 1161 - 0?
1161
In base 8, what is -227 + 0?
-227
In base 9, what is -106 - -7?
-88
In base 9, what is 4 - 3052?
-3047
In base 2, what is 110110 - 1001?
101101
In base 13, what is -46 - 1b?
-64
In base 10, what is -12 + 41?
29
In base 15, what is -2b3 + 4?
-2ae
In base 9, what is -15220 + -3?
-15223
In base 8, what is 0 + 67?
67
In base 14, what is -34a + d?
-33b
In base 2, what is 101 - 11110?
-11001
In base 11, what is 24 + -37?
-13
In base 7, what is -4 - -1236?
1232
In base 2, what is 11010100110 + 101?
11010101011
In base 13, what is 267 + -13?
254
In base 7, what is 1 - 4306?
-4305
In base 9, what is 10 + -64?
-54
In base 11, what is 4 + -46?
-42
In base 11, what is 4 + 37?
40
In base 14, what is 1 + 6a5?
6a6
In base 5, what is -32 + -412?
-444
In base 15, what is -67 - 9?
-71
In base 5, what is -10 - 122?
-132
In base 5, what is -2 - 23?
-30
In base 2, what is -1 - -1111011000?
1111010111
In base 4, what is 32 + -1223?
-1131
In base 6, what is 2121 + 14?
2135
In base 2, what is 10100000 + -1000?
10011000
In base 14, what is 2 + -1d?
-1b
In base 5, what is 2 - -40?
42
In base 16, what is -1bb - -1?
-1ba
In base 9, what is 2 + -2284?
-2282
In base 4, what is 11 - 1011?
-1000
In base 8, what is -2 - 1370?
-1372
In base 6, what is 3 + -11?
-4
In base 3, what is 1012201 + -2?
1012122
In base 5, what is 1240 + -124?
1111
In base 12, what is -2 - -2b?
29
In base 15, what is 4 - -423?
427
In base 12, what is -1a - -49?
2b
In base 13, what is 7 - 0?
7
In base 7, what is -61 + 2?
-56
In base 10, what is -48 + 3?
-45
In base 14, what is 58 - 2b?
2b
In base 16, what is -234d - 0?
-234d
In base 12, what is -50 + -2?
-52
In base 12, what is 243 + -11?
232
In base 15, what is -62 + -b3?
-125
In base 7, what is 310 - -4?
314
In base 4, what is -11301 - 2?
-11303
In base 3, what is 11 - 12101?
-12020
In base 2, wha